the greatest common factor of 3601323 and 605.
121
What is the greatest common factor of 18979356 and 133694?
1298
What is the greatest common factor of 659821 and 693389?
1049
What is the highest common divisor of 1454766 and 1110?
222
What is the highest common divisor of 7683190 and 3?
1
What is the greatest common divisor of 20728406 and 19822?
1802
What is the highest common divisor of 4010 and 32154185?
2005
Calculate the highest common factor of 320 and 42712480.
160
What is the greatest common factor of 417666 and 6353502?
2766
Calculate the greatest common divisor of 152688 and 90096.
48
Calculate the highest common factor of 30506 and 1792.
14
Calculate the greatest common factor of 2390466 and 9568.
26
Calculate the highest common divisor of 4921 and 10882921.
259
Calculate the highest common factor of 3714171 and 666.
111
What is the highest common factor of 813716274 and 1442?
1442
What is the greatest common factor of 36235652 and 5952?
124
What is the highest common factor of 860 and 100390?
10
What is the greatest common divisor of 1218 and 47880462?
42
Calculate the greatest common factor of 57774 and 9234.
6
Calculate the highest common divisor of 19964 and 1146803.
161
What is the greatest common factor of 512280 and 720?
360
What is the greatest common divisor of 10890 and 2052840?
30
Calculate the greatest common divisor of 21707145 and 135315.
4365
Calculate the greatest common divisor of 9 and 88340598.
9
What is the highest common divisor of 1672 and 12429912?
88
What is the greatest common divisor of 1026 and 395595?
9
Calculate the highest common factor of 660 and 1315446.
66
What is the greatest common factor of 28899 and 340803?
171
Calculate the highest common divisor of 313063848 and 24.
24
Calculate the greatest common divisor of 1480 and 20523752.
296
Calculate the highest common divisor of 72 and 3257883.
9
What is the greatest common factor of 14102 and 396572?
22
What is the greatest common divisor of 2409320 and 4216?
248
What is the greatest common factor of 115527 and 25899?
291
Calculate the highest common divisor of 18446 and 607114.
802
Calculate the highest common factor of 2188500 and 36.
12
Calculate the greatest common factor of 4621352 and 2714.
118
What is the highest common factor of 39372 and 130332?
12
What is the highest common divisor of 16338200 and 32?
8
What is the greatest common factor of 25132808 and 56?
8
What is the greatest common factor of 1764890 and 30?
10
Calculate the highest common divisor of 243 and 555804.
9
Calculate the highest common divisor of 109179 and 2443.
7
What is the highest common factor of 7788140 and 19560?
3260
Calculate the highest common factor of 844 and 865522.
422
What is the highest common factor of 6320 and 10726620?
1580
What is the greatest common factor of 38280 and 1169976?
696
What is the highest common divisor of 1335 and 2935?
5
What is the greatest common factor of 105989 and 42869?
263
Calculate the greatest common divisor of 71018351 and 409.
409
Calculate the highest common divisor of 895186335 and 69.
69
Calculate the greatest common divisor of 2880 and 9409536.
576
What is the greatest common divisor of 7803321 and 73809?
417
What is the highest common divisor of 165 and 21061?
1
Calculate the highest common factor of 72800 and 743680.
1120
Calculate the greatest common factor of 3026 and 12067866.
178
What is the greatest common divisor of 4262400 and 5850?
450
What is the highest common divisor of 28044 and 16596?
36
Calculate the highest common factor of 4237662 and 48.
6
Calculate the greatest common factor of 84 and 67172021.
7
What is the greatest common factor of 5043292 and 824?
412
Calculate the highest common divisor of 53922437 and 19.
19
Calculate the highest common divisor of 63962 and 70.
2
What is the greatest common divisor of 441945 and 132480?
1035
Calculate the highest common divisor of 203496 and 2233332.
732
What is the greatest common divisor of 19 and 19060705?
19
Calculate the greatest common divisor of 8472 and 4463332.
1412
What is the greatest common divisor of 2329930 and 6795?
755
Calculate the greatest common factor of 302735953 and 14534.
7267
Calculate the highest common divisor of 2 and 7902369.
1
Calculate the highest common factor of 2334525 and 459.
51
What is the highest common factor of 12466867 and 61831?
511
What is the highest common factor of 538111 and 56?
7
Calculate the highest common factor of 5361568 and 153008.
2096
Calculate the highest common factor of 32539666 and 27455.
5491
What is the highest common divisor of 215 and 113520215?
215
Calculate the greatest common factor of 755728 and 115624.
1192
Calculate the greatest common factor of 1257425 and 1868800.
1825
What is the greatest common factor of 2463372 and 324?
324
What is the greatest common divisor of 7730347 and 1059?
353
What is the highest common divisor of 906 and 111212859?
453
What is the highest common factor of 46837 and 16331?
7
What is the greatest common factor of 88520644 and 696?
116
Calculate the highest common factor of 1305 and 38036835.
1305
What is the greatest common divisor of 3847665 and 379095?
2985
What is the highest common divisor of 313 and 2781420977?
313
What is the greatest common factor of 2266097572 and 10748?
10748
What is the highest common factor of 9165 and 1413945?
195
What is the highest common divisor of 12160900 and 7940?
20
Calculate the highest common divisor of 52 and 35225044.
4
Calculate the highest common factor of 42807 and 32486007.
2253
What is the highest common factor of 525483 and 20881?
133
What is the highest common divisor of 7389728 and 64?
32
Calculate the highest common factor of 3256162 and 14868.
14
What is the highest common divisor of 4418838 and 467786?
3866
What is the greatest common factor of 241129 and 372267?
133
What is the highest common divisor of 1972 and 45907174?
986
Calculate the highest common divisor of 41055 and 39270.
1785
Calculate the highest common divisor of 4231055 and 406205.
2965
What is the greatest common factor of 10561855 and 155?
155
What is the highest common factor of 423619 and 1728713?
511
What is the highest common factor of 25 and 84487750?
25
Calculate the highest common factor of 214120 and 1044845.
505
What is the highest common divisor of 372643 and 2055817?
4187
What is the greatest common factor of 950 and 165712015?
95
What is the highest common divisor of 100 and 2803628?
4
Calculate the greatest common divisor of 14526792 and 7448.
1064
What is the greatest common factor of 4210789 and 121?
11
What is the greatest common divisor of 180 and 258918900?
60
What is the greatest common factor of 460283 and 26607?
181
What is the greatest common divisor of 1422972 and 505908?
1692
Calculate the highest common factor of 62470050 and 38775.
3525
What is the greatest common factor of 149590576 and 16?
16
Calculate the greatest common factor of 570 and 570457140.
570
Calculate the greatest common factor of 281788 and 794716.
52
Calculate the greatest common divisor of 3120 and 17235920.
1040
Calculate the highest common factor of 249 and 6097097.
83
What is the greatest common factor of 18537 and 11654889?
111
Calculate the greatest common divisor of 3941253 and 386.
193
What is the highest common divisor of 34941 and 56981?
19
Calculate the highest common factor of 6616071 and 99.
99
Calculate the greatest common factor of 20792 and 7797.
2599
What is the highest common divisor of 575 and 4022950?
25
Calculate the highest common divisor of 164642247 and 486.
27
Calculate the highest common divisor of 1717924 and 1196.
52
Calculate the greatest common divisor of 2882828 and 3484.
52
What is the highest common factor of 108 and 16430958?
54
What is the greatest common factor of 4752230 and 10150?
2030
What is the highest common factor of 36266 and 102?
2
Calculate the greatest common factor of 14443 and 2081206.
101
Calculate the greatest common divisor of 21886 and 62806.
62
Calculate the greatest common divisor of 30652 and 2184508.
316
What is the greatest common factor of 126868 and 101108?
644
What is the highest common divisor of 24653 and 134899?
277
Calculate the highest common divisor of 4 and 1040712.
4
Calculate the highest c